me factors of 32087967.
3, 23, 673, 691
List the prime factors of 344582272.
2, 1039, 2591
List the prime factors of 15200606.
2, 7600303
List the prime factors of 1009405057.
16127, 62591
List the prime factors of 1613482401.
3, 83, 307, 21107
List the prime factors of 310625785.
5, 17, 3654421
List the prime factors of 177148338.
2, 3, 29524723
List the prime factors of 88331311.
109, 810379
List the prime factors of 1543015973.
19, 23, 3530929
What are the prime factors of 362010916?
2, 67, 20161
What are the prime factors of 2913483?
3, 47, 20663
What are the prime factors of 35207186?
2, 7, 101, 3557
List the prime factors of 2009420484.
2, 3, 23, 73, 99733
List the prime factors of 129821362.
2, 11, 5900971
What are the prime factors of 221955413?
181, 311, 3943
List the prime factors of 628944380.
2, 5, 2707, 11617
List the prime factors of 23403366.
2, 3, 7, 281, 661
List the prime factors of 40487312.
2, 2530457
List the prime factors of 5583688490.
2, 5, 13877, 40237
List the prime factors of 219184776.
2, 3, 1229, 2477
What are the prime factors of 2762124400?
2, 5, 7, 79, 12487
List the prime factors of 222217010.
2, 5, 59, 376639
List the prime factors of 27819177.
3, 9273059
What are the prime factors of 3534379391?
109, 863, 37573
List the prime factors of 15255931.
599, 25469
List the prime factors of 1953907340.
2, 5, 7, 11, 181253
What are the prime factors of 2368212049?
7, 853, 396619
What are the prime factors of 41591099?
11, 47, 80447
List the prime factors of 2395881575.
5, 373, 256931
What are the prime factors of 498561943?
11, 45323813
What are the prime factors of 53561860?
2, 5, 11, 22133
List the prime factors of 475237997.
13, 83, 440443
List the prime factors of 640842755.
5, 7, 18309793
List the prime factors of 7704121556.
2, 29, 66414841
What are the prime factors of 431343631?
59, 1231, 5939
List the prime factors of 84064664.
2, 19, 553057
What are the prime factors of 129249507?
3, 41, 151, 6959
What are the prime factors of 2654512603?
101, 107, 245629
What are the prime factors of 290237430?
2, 3, 5, 7, 17, 81299
What are the prime factors of 5842224176?
2, 1907, 191473
List the prime factors of 1708500505.
5, 61, 5601641
What are the prime factors of 3482548122?
2, 3, 31, 18723377
List the prime factors of 25189697.
13, 47, 41227
What are the prime factors of 209723804?
2, 31, 1691321
List the prime factors of 251086460.
2, 5, 41, 43, 7121
What are the prime factors of 41863009?
41, 811, 1259
List the prime factors of 5353472398.
2, 31, 86346329
List the prime factors of 10179586.
2, 5089793
List the prime factors of 890781591.
3, 7, 42418171
List the prime factors of 384702373.
11, 34972943
List the prime factors of 656142148.
2, 164035537
List the prime factors of 230265432.
2, 3, 3198131
What are the prime factors of 301582246?
2, 7, 21541589
List the prime factors of 238724283.
3, 7, 67, 383, 443
List the prime factors of 250961730.
2, 3, 5, 8365391
What are the prime factors of 79021832?
2, 571, 17299
What are the prime factors of 359728424?
2, 11, 41, 179, 557
What are the prime factors of 2133701396?
2, 757, 704657
What are the prime factors of 1273698738?
2, 3, 13, 23, 236659
List the prime factors of 6733803718.
2, 19, 177205361
What are the prime factors of 172474761?
3, 19, 167, 18119
List the prime factors of 567849883.
199, 521, 5477
List the prime factors of 35110165.
5, 7022033
List the prime factors of 5617902690.
2, 3, 5, 71, 227, 1291
List the prime factors of 317853209.
317853209
List the prime factors of 13209809.
2267, 5827
What are the prime factors of 32692160?
2, 5, 19, 283
List the prime factors of 19289418.
2, 3, 3214903
List the prime factors of 1559127123.
3, 6416161
List the prime factors of 123785916.
2, 3, 719, 14347
What are the prime factors of 148467009?
3, 49489003
List the prime factors of 112082058.
2, 3, 11, 51461
What are the prime factors of 10836992?
2, 19, 557
What are the prime factors of 2510670409?
13, 23, 37, 226943
List the prime factors of 578539862.
2, 3301, 87631
List the prime factors of 4935021039.
3, 13, 37, 379997
What are the prime factors of 188584778?
2, 94292389
List the prime factors of 30677802.
2, 3, 97, 52711
What are the prime factors of 250034323?
7, 11, 3247199
List the prime factors of 163002610.
2, 5, 23, 89, 7963
What are the prime factors of 20547657?
3, 13, 175621
What are the prime factors of 1082198936?
2, 7, 13, 41, 2789
What are the prime factors of 719113502?
2, 359556751
List the prime factors of 43660911.
3, 7, 229, 1297
List the prime factors of 5715996774.
2, 3, 307, 3103147
What are the prime factors of 784442094?
2, 3, 19, 23, 41, 7297
List the prime factors of 3407739597.
3, 378637733
What are the prime factors of 75009442?
2, 37504721
What are the prime factors of 19600189?
7, 71, 113, 349
List the prime factors of 44053135.
5, 7, 1258661
List the prime factors of 490123267.
89, 1181, 4663
What are the prime factors of 5189035188?
2, 3, 17, 47, 541201
What are the prime factors of 39549240?
2, 3, 5, 109859
List the prime factors of 1999023867.
3, 2141, 11527
List the prime factors of 54295159.
409, 132751
List the prime factors of 3817704537.
3, 424189393
What are the prime factors of 27446422?
2, 379, 36209
List the prime factors of 1525432104.
2, 3, 7, 281, 10771
What are the prime factors of 1095414547?
53, 2017, 10247
List the prime factors of 572330.
2, 5, 11, 43
What are the prime factors of 393150992?
2, 13, 1890149
What are the prime factors of 610533209?
11, 13, 388133
What are the prime factors of 203369324?
2, 50842331
What are the prime factors of 41910551?
509, 82339
List the prime factors of 5103623.
7, 29, 31, 811
What are the prime factors of 67403750?
2, 5, 53923
What are the prime factors of 3357627973?
7, 89, 5389451
List the prime factors of 192324245.
5, 38464849
What are the prime factors of 384807345?
3, 5, 13, 41, 48131
What are the prime factors of 2449647125?
5, 31, 89, 7103
What are the prime factors of 917562821?
7, 41, 1609, 1987
What are the prime factors of 86180325?
3, 5, 7, 11, 14923
List the prime factors of 415302972.
2, 3, 7, 4944083
What are the prime factors of 393526526?
2, 107, 1838909
List the prime factors of 656070420.
2, 3, 5, 10934507
List the prime factors of 13323471.
3, 7, 313, 2027
What are the prime factors of 978240744?
2, 3, 13, 1045129
What are the prime factors of 2856635?
5, 307, 1861
What are the prime factors of 594545424?
2, 3, 11, 1126033
What are the prime factors of 416490035?
5, 13, 1663, 3853
List the prime factors of 7591506.
2, 3, 13, 97327
List the prime factors of 2627049166.
2, 7, 187646369
What are the prime factors of 344767764?
2, 3, 11, 71, 36787
What are the prime factors of 53080350?
2, 3, 5, 353869
List the prime factors of 1208373547.
1208373547
List the prime factors of 45413255.
5, 587, 15473
What are the prime factors of 3858272660?
2, 5, 11, 17537603
What are the prime factors of 3307566117?
3, 179, 307, 20063
List the prime factors of 1019809761.
3, 4217, 80611
List the prime factors of 165029263.
7, 23575609
List the prime factors of 182133035.
5, 7, 2153, 2417
List the prime factors of 49201915.
5, 7, 1405769
What are the prime factors of 6388862?
2, 127, 25153
What are the prime factors of 49105589?
13, 1831, 2063
List the prime factors of 1550046419.
7603, 203873
What are the prime factors of 28739443?
23, 73, 17117
List the prime factors of 424756960.
2, 5, 151, 17581
List the prime factors of 104160229.
104160229
What are the prime factors of 118041133?
7, 2029, 8311
List the prime factors of 931427029.
13, 743, 96431
What are the prime factors of 696869?
47, 14827
What are the prime factors of 77075537?
7, 11, 1000981
What are the prime factors of 1291808004?
2, 3, 107, 563, 1787
What are the prime factors of 85165046?
2, 37, 1150879
List the prime factors of 386182660.
2, 5, 19309133
List the prime factors of 3361717050.
2, 3, 5, 22411447
List the prime factors of 22222707.
3, 13, 569813
List the prime factors of 130948646.
2, 19, 691, 4987
What are the prime factors of 76089331?
17, 4475843
What are the prime factors of 306955206?
2, 3, 17053067
List the prime factors of 22151893.
22151893
What are the prime factors of 68388669?